{"id":1343,"date":"2025-08-14T15:57:17","date_gmt":"2025-08-14T13:57:17","guid":{"rendered":"https:\/\/www.enerkom-plzensko.cz\/?page_id=1343"},"modified":"2025-08-27T09:52:19","modified_gmt":"2025-08-27T07:52:19","slug":"projekty","status":"publish","type":"page","link":"https:\/\/www.enerkom-plzensko.cz\/index.php\/projekty\/","title":{"rendered":"Projekty"},"content":{"rendered":"\t\t<div data-elementor-type=\"wp-page\" data-elementor-id=\"1343\" class=\"elementor elementor-1343\" data-elementor-settings=\"{&quot;element_pack_global_tooltip_width&quot;:{&quot;unit&quot;:&quot;px&quot;,&quot;size&quot;:&quot;&quot;,&quot;sizes&quot;:[]},&quot;element_pack_global_tooltip_width_tablet&quot;:{&quot;unit&quot;:&quot;px&quot;,&quot;size&quot;:&quot;&quot;,&quot;sizes&quot;:[]},&quot;element_pack_global_tooltip_width_mobile&quot;:{&quot;unit&quot;:&quot;px&quot;,&quot;size&quot;:&quot;&quot;,&quot;sizes&quot;:[]},&quot;element_pack_global_tooltip_padding&quot;:{&quot;unit&quot;:&quot;px&quot;,&quot;top&quot;:&quot;&quot;,&quot;right&quot;:&quot;&quot;,&quot;bottom&quot;:&quot;&quot;,&quot;left&quot;:&quot;&quot;,&quot;isLinked&quot;:true},&quot;element_pack_global_tooltip_padding_tablet&quot;:{&quot;unit&quot;:&quot;px&quot;,&quot;top&quot;:&quot;&quot;,&quot;right&quot;:&quot;&quot;,&quot;bottom&quot;:&quot;&quot;,&quot;left&quot;:&quot;&quot;,&quot;isLinked&quot;:true},&quot;element_pack_global_tooltip_padding_mobile&quot;:{&quot;unit&quot;:&quot;px&quot;,&quot;top&quot;:&quot;&quot;,&quot;right&quot;:&quot;&quot;,&quot;bottom&quot;:&quot;&quot;,&quot;left&quot;:&quot;&quot;,&quot;isLinked&quot;:true},&quot;element_pack_global_tooltip_border_radius&quot;:{&quot;unit&quot;:&quot;px&quot;,&quot;top&quot;:&quot;&quot;,&quot;right&quot;:&quot;&quot;,&quot;bottom&quot;:&quot;&quot;,&quot;left&quot;:&quot;&quot;,&quot;isLinked&quot;:true},&quot;element_pack_global_tooltip_border_radius_tablet&quot;:{&quot;unit&quot;:&quot;px&quot;,&quot;top&quot;:&quot;&quot;,&quot;right&quot;:&quot;&quot;,&quot;bottom&quot;:&quot;&quot;,&quot;left&quot;:&quot;&quot;,&quot;isLinked&quot;:true},&quot;element_pack_global_tooltip_border_radius_mobile&quot;:{&quot;unit&quot;:&quot;px&quot;,&quot;top&quot;:&quot;&quot;,&quot;right&quot;:&quot;&quot;,&quot;bottom&quot;:&quot;&quot;,&quot;left&quot;:&quot;&quot;,&quot;isLinked&quot;:true}}\" data-elementor-post-type=\"page\">\n\t\t\t\t<div class=\"elementor-element elementor-element-2556c7d e-flex e-con-boxed e-con e-parent\" data-id=\"2556c7d\" data-element_type=\"container\" data-e-type=\"container\" data-settings=\"{&quot;background_background&quot;:&quot;classic&quot;}\">\n\t\t\t\t\t<div class=\"e-con-inner\">\n\t\t<div class=\"elementor-element elementor-element-0b6df37 e-flex e-con-boxed e-con e-child\" data-id=\"0b6df37\" data-element_type=\"container\" data-e-type=\"container\">\n\t\t\t\t\t<div class=\"e-con-inner\">\n\t\t\t\t<div class=\"elementor-element elementor-element-cdf755c elementor-widget elementor-widget-heading\" data-id=\"cdf755c\" data-element_type=\"widget\" data-e-type=\"widget\" data-widget_type=\"heading.default\">\n\t\t\t\t<div class=\"elementor-widget-container\">\n\t\t\t\t\t<h1 class=\"elementor-heading-title elementor-size-default\">Projekty<\/h1>\t\t\t\t<\/div>\n\t\t\t\t<\/div>\n\t\t\t\t<div class=\"elementor-element elementor-element-a685466 elementor-widget elementor-widget-image\" data-id=\"a685466\" data-element_type=\"widget\" data-e-type=\"widget\" data-widget_type=\"image.default\">\n\t\t\t\t<div class=\"elementor-widget-container\">\n\t\t\t\t\t\t\t\t\t\t\t\t\t\t\t<img decoding=\"async\" width=\"88\" height=\"6\" src=\"https:\/\/www.enerkom-plzensko.cz\/wp-content\/uploads\/2025\/08\/gfx_nadpis-3.png\" class=\"attachment-large size-large wp-image-297\" alt=\"\" \/>\t\t\t\t\t\t\t\t\t\t\t\t\t\t\t<\/div>\n\t\t\t\t<\/div>\n\t\t<div class=\"elementor-element elementor-element-417d3e0 e-con-full e-flex e-con e-child\" data-id=\"417d3e0\" data-element_type=\"container\" data-e-type=\"container\">\n\t\t\t\t<div class=\"elementor-element elementor-element-ad5734c elementor-grid-3 elementor-grid-tablet-2 elementor-grid-mobile-1 elementor-posts--thumbnail-top elementor-card-shadow-yes elementor-posts__hover-gradient elementor-widget elementor-widget-posts\" data-id=\"ad5734c\" data-element_type=\"widget\" data-e-type=\"widget\" data-settings=\"{&quot;cards_columns&quot;:&quot;3&quot;,&quot;cards_columns_tablet&quot;:&quot;2&quot;,&quot;cards_columns_mobile&quot;:&quot;1&quot;,&quot;cards_row_gap&quot;:{&quot;unit&quot;:&quot;px&quot;,&quot;size&quot;:35,&quot;sizes&quot;:[]},&quot;cards_row_gap_tablet&quot;:{&quot;unit&quot;:&quot;px&quot;,&quot;size&quot;:&quot;&quot;,&quot;sizes&quot;:[]},&quot;cards_row_gap_mobile&quot;:{&quot;unit&quot;:&quot;px&quot;,&quot;size&quot;:&quot;&quot;,&quot;sizes&quot;:[]}}\" data-widget_type=\"posts.cards\">\n\t\t\t\t<div class=\"elementor-widget-container\">\n\t\t\t\t\t\t\t<div class=\"elementor-posts-container elementor-posts elementor-posts--skin-cards elementor-grid\" role=\"list\">\n\t\t\t\t<article class=\"elementor-post elementor-grid-item post-1847 post type-post status-publish format-standard has-post-thumbnail hentry category-projekty category-sdileni-elektriny\" role=\"listitem\">\n\t\t\t<div class=\"elementor-post__card\">\n\t\t\t\t<a class=\"elementor-post__thumbnail__link\" href=\"https:\/\/www.enerkom-plzensko.cz\/index.php\/2026\/02\/09\/komplexni-renovace-bytovych-domu-komunitni-vytapeni-a-realita-svj\/\" tabindex=\"-1\" ><div class=\"elementor-post__thumbnail\"><img fetchpriority=\"high\" decoding=\"async\" width=\"768\" height=\"587\" src=\"https:\/\/www.enerkom-plzensko.cz\/wp-content\/uploads\/2026\/02\/kulaty-stul1-768x587.jpg\" class=\"attachment-medium_large size-medium_large wp-image-1852\" alt=\"Kate\u0159ina Eklov\u00e1 a V\u00e1clav \u0160ebek.\" srcset=\"https:\/\/www.enerkom-plzensko.cz\/wp-content\/uploads\/2026\/02\/kulaty-stul1-768x587.jpg 768w, https:\/\/www.enerkom-plzensko.cz\/wp-content\/uploads\/2026\/02\/kulaty-stul1-300x229.jpg 300w, https:\/\/www.enerkom-plzensko.cz\/wp-content\/uploads\/2026\/02\/kulaty-stul1-1024x783.jpg 1024w, https:\/\/www.enerkom-plzensko.cz\/wp-content\/uploads\/2026\/02\/kulaty-stul1-1536x1174.jpg 1536w, https:\/\/www.enerkom-plzensko.cz\/wp-content\/uploads\/2026\/02\/kulaty-stul1-2048x1566.jpg 2048w\" sizes=\"(max-width: 768px) 100vw, 768px\" \/><\/div><\/a>\n\t\t\t\t<div class=\"elementor-post__text\">\n\t\t\t\t<h3 class=\"elementor-post__title\">\n\t\t\t<a href=\"https:\/\/www.enerkom-plzensko.cz\/index.php\/2026\/02\/09\/komplexni-renovace-bytovych-domu-komunitni-vytapeni-a-realita-svj\/\" >\n\t\t\t\tKomplexn\u00ed renovace bytov\u00fdch dom\u016f, komunitn\u00ed vyt\u00e1p\u011bn\u00ed a realita SVJ\t\t\t<\/a>\n\t\t<\/h3>\n\t\t\t\t<div class=\"elementor-post__excerpt\">\n\t\t\t<p>P\u0159e\u010dt\u011bte si pozn\u00e1mky na\u0161\u00ed p\u0159edsedkyn\u011b Andrey Kubern\u00e1tov\u00e9 z debaty o renovac\u00edch bytov\u00fdch dom\u016f, kterou facilitovala v pra\u017esk\u00e9m CAMPu.<\/p>\n\t\t<\/div>\n\t\t\t\t\t<div class=\"elementor-post__read-more-wrapper\">\n\t\t\n\t\t<a class=\"elementor-post__read-more\" href=\"https:\/\/www.enerkom-plzensko.cz\/index.php\/2026\/02\/09\/komplexni-renovace-bytovych-domu-komunitni-vytapeni-a-realita-svj\/\" aria-label=\"Read more about Komplexn\u00ed renovace bytov\u00fdch dom\u016f, komunitn\u00ed vyt\u00e1p\u011bn\u00ed a realita SVJ\" tabindex=\"-1\" >\n\t\t\tP\u0159e\u010d\u00edst cel\u00fd \u010dl\u00e1nek \u00bb\t\t<\/a>\n\n\t\t\t\t\t<\/div>\n\t\t\t\t<\/div>\n\t\t\t\t<div class=\"elementor-post__meta-data\">\n\t\t\t\t\t<span class=\"elementor-post-date\">\n\t\t\t9. \u00fanora 2026\t\t<\/span>\n\t\t\t\t<\/div>\n\t\t\t\t\t<\/div>\n\t\t<\/article>\n\t\t\t\t<article class=\"elementor-post elementor-grid-item post-1829 post type-post status-publish format-standard has-post-thumbnail hentry category-projekty category-sdileni-elektriny\" role=\"listitem\">\n\t\t\t<div class=\"elementor-post__card\">\n\t\t\t\t<a class=\"elementor-post__thumbnail__link\" href=\"https:\/\/www.enerkom-plzensko.cz\/index.php\/2026\/01\/25\/jak-si-enerkom-plzensko-vedl-v-roce-2025-a-co-nas-ceka-v-budoucnu\/\" tabindex=\"-1\" ><div class=\"elementor-post__thumbnail\"><img decoding=\"async\" width=\"768\" height=\"576\" src=\"https:\/\/www.enerkom-plzensko.cz\/wp-content\/uploads\/2026\/01\/DJI_20260111125954_0017_V-768x576.jpg\" class=\"attachment-medium_large size-medium_large wp-image-1830\" alt=\"ENERKOM Zb\u016fch\" srcset=\"https:\/\/www.enerkom-plzensko.cz\/wp-content\/uploads\/2026\/01\/DJI_20260111125954_0017_V-768x576.jpg 768w, https:\/\/www.enerkom-plzensko.cz\/wp-content\/uploads\/2026\/01\/DJI_20260111125954_0017_V-300x225.jpg 300w, https:\/\/www.enerkom-plzensko.cz\/wp-content\/uploads\/2026\/01\/DJI_20260111125954_0017_V-1024x768.jpg 1024w, https:\/\/www.enerkom-plzensko.cz\/wp-content\/uploads\/2026\/01\/DJI_20260111125954_0017_V-1536x1152.jpg 1536w, https:\/\/www.enerkom-plzensko.cz\/wp-content\/uploads\/2026\/01\/DJI_20260111125954_0017_V-2048x1536.jpg 2048w\" sizes=\"(max-width: 768px) 100vw, 768px\" \/><\/div><\/a>\n\t\t\t\t<div class=\"elementor-post__text\">\n\t\t\t\t<h3 class=\"elementor-post__title\">\n\t\t\t<a href=\"https:\/\/www.enerkom-plzensko.cz\/index.php\/2026\/01\/25\/jak-si-enerkom-plzensko-vedl-v-roce-2025-a-co-nas-ceka-v-budoucnu\/\" >\n\t\t\t\tJak si ENERKOM Plze\u0148sko vedl v roce 2025 a co n\u00e1s \u010dek\u00e1 v budoucnu?\t\t\t<\/a>\n\t\t<\/h3>\n\t\t\t\t<div class=\"elementor-post__excerpt\">\n\t\t\t<p>Komunitn\u00ed energetika se bude v budoucnu l\u00e1mat v jedn\u00e9 v\u011bci: jestli um\u00ed p\u0159in\u00e9st m\u011b\u0159iteln\u00fd p\u0159\u00ednos obci a jej\u00edm obyvatel\u016fm. V ENERKOM Plze\u0148sko proto sb\u00edr\u00e1me zku\u0161enosti z re\u00e1ln\u00e9ho provozu v energetick\u00e9m spole\u010denstv\u00ed ve Zb\u016fchu. A co jsme zjistili? Do\u010dtete se v \u010dl\u00e1nku.<\/p>\n\t\t<\/div>\n\t\t\t\t\t<div class=\"elementor-post__read-more-wrapper\">\n\t\t\n\t\t<a class=\"elementor-post__read-more\" href=\"https:\/\/www.enerkom-plzensko.cz\/index.php\/2026\/01\/25\/jak-si-enerkom-plzensko-vedl-v-roce-2025-a-co-nas-ceka-v-budoucnu\/\" aria-label=\"Read more about Jak si ENERKOM Plze\u0148sko vedl v roce 2025 a co n\u00e1s \u010dek\u00e1 v budoucnu?\" tabindex=\"-1\" >\n\t\t\tP\u0159e\u010d\u00edst cel\u00fd \u010dl\u00e1nek \u00bb\t\t<\/a>\n\n\t\t\t\t\t<\/div>\n\t\t\t\t<\/div>\n\t\t\t\t<div class=\"elementor-post__meta-data\">\n\t\t\t\t\t<span class=\"elementor-post-date\">\n\t\t\t25. ledna 2026\t\t<\/span>\n\t\t\t\t<\/div>\n\t\t\t\t\t<\/div>\n\t\t<\/article>\n\t\t\t\t<article class=\"elementor-post elementor-grid-item post-371 post type-post status-publish format-standard has-post-thumbnail hentry category-akce category-projekty\" role=\"listitem\">\n\t\t\t<div class=\"elementor-post__card\">\n\t\t\t\t<a class=\"elementor-post__thumbnail__link\" href=\"https:\/\/www.enerkom-plzensko.cz\/index.php\/2025\/08\/25\/za-dobrou-praxi-do-jizniho-tyrolska\/\" tabindex=\"-1\" ><div class=\"elementor-post__thumbnail\"><img loading=\"lazy\" decoding=\"async\" width=\"768\" height=\"512\" src=\"https:\/\/www.enerkom-plzensko.cz\/wp-content\/uploads\/2025\/08\/a1a16133-5bf1-49a4-ad71-9919ba0baa75-768x512.jpeg\" class=\"attachment-medium_large size-medium_large wp-image-1524\" alt=\"\" srcset=\"https:\/\/www.enerkom-plzensko.cz\/wp-content\/uploads\/2025\/08\/a1a16133-5bf1-49a4-ad71-9919ba0baa75-768x512.jpeg 768w, https:\/\/www.enerkom-plzensko.cz\/wp-content\/uploads\/2025\/08\/a1a16133-5bf1-49a4-ad71-9919ba0baa75-300x200.jpeg 300w, https:\/\/www.enerkom-plzensko.cz\/wp-content\/uploads\/2025\/08\/a1a16133-5bf1-49a4-ad71-9919ba0baa75-1024x683.jpeg 1024w, https:\/\/www.enerkom-plzensko.cz\/wp-content\/uploads\/2025\/08\/a1a16133-5bf1-49a4-ad71-9919ba0baa75-1536x1025.jpeg 1536w, https:\/\/www.enerkom-plzensko.cz\/wp-content\/uploads\/2025\/08\/a1a16133-5bf1-49a4-ad71-9919ba0baa75.jpeg 1619w\" sizes=\"(max-width: 768px) 100vw, 768px\" \/><\/div><\/a>\n\t\t\t\t<div class=\"elementor-post__text\">\n\t\t\t\t<h3 class=\"elementor-post__title\">\n\t\t\t<a href=\"https:\/\/www.enerkom-plzensko.cz\/index.php\/2025\/08\/25\/za-dobrou-praxi-do-jizniho-tyrolska\/\" >\n\t\t\t\tZa dobrou prax\u00ed do Ji\u017en\u00edho Tyrolska\t\t\t<\/a>\n\t\t<\/h3>\n\t\t\t\t<div class=\"elementor-post__excerpt\">\n\t\t\t<p>Ve dnech 19.\u201323. kv\u011btna 2025 jsme jako ENERKOM Plze\u0148sko, z.s., uspo\u0159\u00e1dali odbornou exkurzi do Ji\u017en\u00edho Tyrolska, a to pod z\u00e1\u0161titou Celost\u00e1tn\u00ed s\u00edt\u011b pro venkov.<\/p>\n\t\t<\/div>\n\t\t\t\t\t<div class=\"elementor-post__read-more-wrapper\">\n\t\t\n\t\t<a class=\"elementor-post__read-more\" href=\"https:\/\/www.enerkom-plzensko.cz\/index.php\/2025\/08\/25\/za-dobrou-praxi-do-jizniho-tyrolska\/\" aria-label=\"Read more about Za dobrou prax\u00ed do Ji\u017en\u00edho Tyrolska\" tabindex=\"-1\" >\n\t\t\tP\u0159e\u010d\u00edst cel\u00fd \u010dl\u00e1nek \u00bb\t\t<\/a>\n\n\t\t\t\t\t<\/div>\n\t\t\t\t<\/div>\n\t\t\t\t<div class=\"elementor-post__meta-data\">\n\t\t\t\t\t<span class=\"elementor-post-date\">\n\t\t\t25. srpna 2025\t\t<\/span>\n\t\t\t\t<\/div>\n\t\t\t\t\t<\/div>\n\t\t<\/article>\n\t\t\t\t<article class=\"elementor-post elementor-grid-item post-700 post type-post status-publish format-standard has-post-thumbnail hentry category-akce category-projekty\" role=\"listitem\">\n\t\t\t<div class=\"elementor-post__card\">\n\t\t\t\t<a class=\"elementor-post__thumbnail__link\" href=\"https:\/\/www.enerkom-plzensko.cz\/index.php\/2025\/08\/07\/za-dobrou-praxi-do-cech-a-na-slovensko\/\" tabindex=\"-1\" ><div class=\"elementor-post__thumbnail\"><img loading=\"lazy\" decoding=\"async\" width=\"602\" height=\"401\" src=\"https:\/\/www.enerkom-plzensko.cz\/wp-content\/uploads\/2025\/08\/Za-dobrou-praxi-do-Cech-a-na-Slovensko-1.jpg\" class=\"attachment-medium_large size-medium_large wp-image-703\" alt=\"\" srcset=\"https:\/\/www.enerkom-plzensko.cz\/wp-content\/uploads\/2025\/08\/Za-dobrou-praxi-do-Cech-a-na-Slovensko-1.jpg 602w, https:\/\/www.enerkom-plzensko.cz\/wp-content\/uploads\/2025\/08\/Za-dobrou-praxi-do-Cech-a-na-Slovensko-1-300x200.jpg 300w\" sizes=\"(max-width: 602px) 100vw, 602px\" \/><\/div><\/a>\n\t\t\t\t<div class=\"elementor-post__text\">\n\t\t\t\t<h3 class=\"elementor-post__title\">\n\t\t\t<a href=\"https:\/\/www.enerkom-plzensko.cz\/index.php\/2025\/08\/07\/za-dobrou-praxi-do-cech-a-na-slovensko\/\" >\n\t\t\t\tZa dobrou prax\u00ed do \u010cech a na Slovensko\t\t\t<\/a>\n\t\t<\/h3>\n\t\t\t\t<div class=\"elementor-post__excerpt\">\n\t\t\t<p>Ve dnech 21. 5. 2024 a\u017e 24. 5. 2024 po\u0159\u00e1dal ENERKOM Plze\u0148sko, z.s. pod z\u00e1\u0161titou Celost\u00e1tn\u00ed s\u00edt\u011b pro venkov \u010dty\u0159denn\u00ed exkurzi s n\u00e1zvem \u201eZa dobrou prax\u00ed do \u010cech a na Slovensko\u201c. <\/p>\n\t\t<\/div>\n\t\t\t\t\t<div class=\"elementor-post__read-more-wrapper\">\n\t\t\n\t\t<a class=\"elementor-post__read-more\" href=\"https:\/\/www.enerkom-plzensko.cz\/index.php\/2025\/08\/07\/za-dobrou-praxi-do-cech-a-na-slovensko\/\" aria-label=\"Read more about Za dobrou prax\u00ed do \u010cech a na Slovensko\" tabindex=\"-1\" >\n\t\t\tP\u0159e\u010d\u00edst cel\u00fd \u010dl\u00e1nek \u00bb\t\t<\/a>\n\n\t\t\t\t\t<\/div>\n\t\t\t\t<\/div>\n\t\t\t\t<div class=\"elementor-post__meta-data\">\n\t\t\t\t\t<span class=\"elementor-post-date\">\n\t\t\t7. srpna 2025\t\t<\/span>\n\t\t\t\t<\/div>\n\t\t\t\t\t<\/div>\n\t\t<\/article>\n\t\t\t\t<article class=\"elementor-post elementor-grid-item post-369 post type-post status-publish format-standard has-post-thumbnail hentry category-projekty category-sdileni-elektriny\" role=\"listitem\">\n\t\t\t<div class=\"elementor-post__card\">\n\t\t\t\t<a class=\"elementor-post__thumbnail__link\" href=\"https:\/\/www.enerkom-plzensko.cz\/index.php\/2025\/08\/06\/enerkom-zbuch\/\" tabindex=\"-1\" ><div class=\"elementor-post__thumbnail\"><img loading=\"lazy\" decoding=\"async\" width=\"602\" height=\"351\" src=\"https:\/\/www.enerkom-plzensko.cz\/wp-content\/uploads\/2025\/08\/ENERKOM-Zbuch-1.png\" class=\"attachment-medium_large size-medium_large wp-image-591\" alt=\"\" srcset=\"https:\/\/www.enerkom-plzensko.cz\/wp-content\/uploads\/2025\/08\/ENERKOM-Zbuch-1.png 602w, https:\/\/www.enerkom-plzensko.cz\/wp-content\/uploads\/2025\/08\/ENERKOM-Zbuch-1-300x175.png 300w\" sizes=\"(max-width: 602px) 100vw, 602px\" \/><\/div><\/a>\n\t\t\t\t<div class=\"elementor-post__text\">\n\t\t\t\t<h3 class=\"elementor-post__title\">\n\t\t\t<a href=\"https:\/\/www.enerkom-plzensko.cz\/index.php\/2025\/08\/06\/enerkom-zbuch\/\" >\n\t\t\t\tENERKOM Zb\u016fch\t\t\t<\/a>\n\t\t<\/h3>\n\t\t\t\t<div class=\"elementor-post__excerpt\">\n\t\t\t<p>Spole\u010dn\u011b s obc\u00ed Zb\u016fch realizujeme pilotn\u00ed projekt energetick\u00e9ho spole\u010denstv\u00ed, jeho\u017e c\u00edlem je sn\u00ed\u017eit n\u00e1klady na energie a zv\u00fd\u0161it m\u00edstn\u00ed energetickou sob\u011bsta\u010dnost.<\/p>\n\t\t<\/div>\n\t\t\t\t\t<div class=\"elementor-post__read-more-wrapper\">\n\t\t\n\t\t<a class=\"elementor-post__read-more\" href=\"https:\/\/www.enerkom-plzensko.cz\/index.php\/2025\/08\/06\/enerkom-zbuch\/\" aria-label=\"Read more about ENERKOM Zb\u016fch\" tabindex=\"-1\" >\n\t\t\tP\u0159e\u010d\u00edst cel\u00fd \u010dl\u00e1nek \u00bb\t\t<\/a>\n\n\t\t\t\t\t<\/div>\n\t\t\t\t<\/div>\n\t\t\t\t<div class=\"elementor-post__meta-data\">\n\t\t\t\t\t<span class=\"elementor-post-date\">\n\t\t\t6. srpna 2025\t\t<\/span>\n\t\t\t\t<\/div>\n\t\t\t\t\t<\/div>\n\t\t<\/article>\n\t\t\t\t<article class=\"elementor-post elementor-grid-item post-339 post type-post status-publish format-standard has-post-thumbnail hentry category-projekty category-sdileni-elektriny\" role=\"listitem\">\n\t\t\t<div class=\"elementor-post__card\">\n\t\t\t\t<a class=\"elementor-post__thumbnail__link\" href=\"https:\/\/www.enerkom-plzensko.cz\/index.php\/2025\/08\/06\/sdileni-elektriny-v-bytovem-dome-v-praxi\/\" tabindex=\"-1\" ><div class=\"elementor-post__thumbnail\"><img loading=\"lazy\" decoding=\"async\" width=\"472\" height=\"354\" src=\"https:\/\/www.enerkom-plzensko.cz\/wp-content\/uploads\/2025\/08\/sdileni-elektriny-1.jpg\" class=\"attachment-medium_large size-medium_large wp-image-342\" alt=\"\" srcset=\"https:\/\/www.enerkom-plzensko.cz\/wp-content\/uploads\/2025\/08\/sdileni-elektriny-1.jpg 472w, https:\/\/www.enerkom-plzensko.cz\/wp-content\/uploads\/2025\/08\/sdileni-elektriny-1-300x225.jpg 300w\" sizes=\"(max-width: 472px) 100vw, 472px\" \/><\/div><\/a>\n\t\t\t\t<div class=\"elementor-post__text\">\n\t\t\t\t<h3 class=\"elementor-post__title\">\n\t\t\t<a href=\"https:\/\/www.enerkom-plzensko.cz\/index.php\/2025\/08\/06\/sdileni-elektriny-v-bytovem-dome-v-praxi\/\" >\n\t\t\t\tSd\u00edlen\u00ed elekt\u0159iny v bytov\u00e9m dom\u011b v praxi\t\t\t<\/a>\n\t\t<\/h3>\n\t\t\t\t<div class=\"elementor-post__excerpt\">\n\t\t\t<p>Od roku 2023 spolupracujeme s majitelem bytov\u00e9ho domu na projektu sd\u00edlen\u00ed elekt\u0159iny, jeho\u017e c\u00edlem je spravedliv\u011b rozd\u011blit a roz\u00fa\u010dtovat vyprodukovanou energii mezi jednotliv\u00fdmi byty&#8230;<\/p>\n\t\t<\/div>\n\t\t\t\t\t<div class=\"elementor-post__read-more-wrapper\">\n\t\t\n\t\t<a class=\"elementor-post__read-more\" href=\"https:\/\/www.enerkom-plzensko.cz\/index.php\/2025\/08\/06\/sdileni-elektriny-v-bytovem-dome-v-praxi\/\" aria-label=\"Read more about Sd\u00edlen\u00ed elekt\u0159iny v bytov\u00e9m dom\u011b v praxi\" tabindex=\"-1\" >\n\t\t\tP\u0159e\u010d\u00edst cel\u00fd \u010dl\u00e1nek \u00bb\t\t<\/a>\n\n\t\t\t\t\t<\/div>\n\t\t\t\t<\/div>\n\t\t\t\t<div class=\"elementor-post__meta-data\">\n\t\t\t\t\t<span class=\"elementor-post-date\">\n\t\t\t6. srpna 2025\t\t<\/span>\n\t\t\t\t<\/div>\n\t\t\t\t\t<\/div>\n\t\t<\/article>\n\t\t\t\t<\/div>\n\t\t\n\t\t\t\t\t\t<\/div>\n\t\t\t\t<\/div>\n\t\t\t\t<\/div>\n\t\t\t\t\t<\/div>\n\t\t\t\t<\/div>\n\t\t\t\t\t<\/div>\n\t\t\t\t<\/div>\n\t\t\t\t<\/div>\n\t\t","protected":false},"excerpt":{"rendered":"<p>Projekty<\/p>\n","protected":false},"author":1,"featured_media":0,"parent":0,"menu_order":0,"comment_status":"closed","ping_status":"closed","template":"elementor_header_footer","meta":{"inline_featured_image":false,"footnotes":""},"class_list":["post-1343","page","type-page","status-publish","hentry"],"_links":{"self":[{"href":"https:\/\/www.enerkom-plzensko.cz\/index.php\/wp-json\/wp\/v2\/pages\/1343","targetHints":{"allow":["GET"]}}],"collection":[{"href":"https:\/\/www.enerkom-plzensko.cz\/index.php\/wp-json\/wp\/v2\/pages"}],"about":[{"href":"https:\/\/www.enerkom-plzensko.cz\/index.php\/wp-json\/wp\/v2\/types\/page"}],"author":[{"embeddable":true,"href":"https:\/\/www.enerkom-plzensko.cz\/index.php\/wp-json\/wp\/v2\/users\/1"}],"replies":[{"embeddable":true,"href":"https:\/\/www.enerkom-plzensko.cz\/index.php\/wp-json\/wp\/v2\/comments?post=1343"}],"version-history":[{"count":10,"href":"https:\/\/www.enerkom-plzensko.cz\/index.php\/wp-json\/wp\/v2\/pages\/1343\/revisions"}],"predecessor-version":[{"id":1579,"href":"https:\/\/www.enerkom-plzensko.cz\/index.php\/wp-json\/wp\/v2\/pages\/1343\/revisions\/1579"}],"wp:attachment":[{"href":"https:\/\/www.enerkom-plzensko.cz\/index.php\/wp-json\/wp\/v2\/media?parent=1343"}],"curies":[{"name":"wp","href":"https:\/\/api.w.org\/{rel}","templated":true}]}}