{"id":277,"date":"2025-08-06T08:28:54","date_gmt":"2025-08-06T06:28:54","guid":{"rendered":"https:\/\/www.enerkom-plzensko.cz\/?page_id=277"},"modified":"2025-08-27T09:47:57","modified_gmt":"2025-08-27T07:47:57","slug":"energeticke-koncepce","status":"publish","type":"page","link":"https:\/\/www.enerkom-plzensko.cz\/index.php\/energeticke-koncepce\/","title":{"rendered":"Energetick\u00e9 koncepce"},"content":{"rendered":"\t\t<div data-elementor-type=\"wp-page\" data-elementor-id=\"277\" class=\"elementor elementor-277\" data-elementor-settings=\"{&quot;element_pack_global_tooltip_width&quot;:{&quot;unit&quot;:&quot;px&quot;,&quot;size&quot;:&quot;&quot;,&quot;sizes&quot;:[]},&quot;element_pack_global_tooltip_width_tablet&quot;:{&quot;unit&quot;:&quot;px&quot;,&quot;size&quot;:&quot;&quot;,&quot;sizes&quot;:[]},&quot;element_pack_global_tooltip_width_mobile&quot;:{&quot;unit&quot;:&quot;px&quot;,&quot;size&quot;:&quot;&quot;,&quot;sizes&quot;:[]},&quot;element_pack_global_tooltip_padding&quot;:{&quot;unit&quot;:&quot;px&quot;,&quot;top&quot;:&quot;&quot;,&quot;right&quot;:&quot;&quot;,&quot;bottom&quot;:&quot;&quot;,&quot;left&quot;:&quot;&quot;,&quot;isLinked&quot;:true},&quot;element_pack_global_tooltip_padding_tablet&quot;:{&quot;unit&quot;:&quot;px&quot;,&quot;top&quot;:&quot;&quot;,&quot;right&quot;:&quot;&quot;,&quot;bottom&quot;:&quot;&quot;,&quot;left&quot;:&quot;&quot;,&quot;isLinked&quot;:true},&quot;element_pack_global_tooltip_padding_mobile&quot;:{&quot;unit&quot;:&quot;px&quot;,&quot;top&quot;:&quot;&quot;,&quot;right&quot;:&quot;&quot;,&quot;bottom&quot;:&quot;&quot;,&quot;left&quot;:&quot;&quot;,&quot;isLinked&quot;:true},&quot;element_pack_global_tooltip_border_radius&quot;:{&quot;unit&quot;:&quot;px&quot;,&quot;top&quot;:&quot;&quot;,&quot;right&quot;:&quot;&quot;,&quot;bottom&quot;:&quot;&quot;,&quot;left&quot;:&quot;&quot;,&quot;isLinked&quot;:true},&quot;element_pack_global_tooltip_border_radius_tablet&quot;:{&quot;unit&quot;:&quot;px&quot;,&quot;top&quot;:&quot;&quot;,&quot;right&quot;:&quot;&quot;,&quot;bottom&quot;:&quot;&quot;,&quot;left&quot;:&quot;&quot;,&quot;isLinked&quot;:true},&quot;element_pack_global_tooltip_border_radius_mobile&quot;:{&quot;unit&quot;:&quot;px&quot;,&quot;top&quot;:&quot;&quot;,&quot;right&quot;:&quot;&quot;,&quot;bottom&quot;:&quot;&quot;,&quot;left&quot;:&quot;&quot;,&quot;isLinked&quot;:true}}\" data-elementor-post-type=\"page\">\n\t\t\t\t<div class=\"elementor-element elementor-element-da18083 e-flex e-con-boxed e-con e-parent\" data-id=\"da18083\" data-element_type=\"container\" data-e-type=\"container\">\n\t\t\t\t\t<div class=\"e-con-inner\">\n\t\t<div class=\"elementor-element elementor-element-8cd5db8 e-con-full e-flex e-con e-child\" data-id=\"8cd5db8\" data-element_type=\"container\" data-e-type=\"container\">\n\t\t<div class=\"elementor-element elementor-element-9fed0f9 e-con-full e-flex e-con e-child\" data-id=\"9fed0f9\" data-element_type=\"container\" data-e-type=\"container\">\n\t\t\t\t<div class=\"elementor-element elementor-element-5568d88 elementor-widget elementor-widget-heading\" data-id=\"5568d88\" data-element_type=\"widget\" data-e-type=\"widget\" data-widget_type=\"heading.default\">\n\t\t\t\t<div class=\"elementor-widget-container\">\n\t\t\t\t\t<h1 class=\"elementor-heading-title elementor-size-default\">Energetick\u00e9 koncepce<\/h1>\t\t\t\t<\/div>\n\t\t\t\t<\/div>\n\t\t\t\t<div class=\"elementor-element elementor-element-c8bdcdd elementor-widget elementor-widget-image\" data-id=\"c8bdcdd\" data-element_type=\"widget\" data-e-type=\"widget\" data-widget_type=\"image.default\">\n\t\t\t\t<div class=\"elementor-widget-container\">\n\t\t\t\t\t\t\t\t\t\t\t\t\t\t\t<img decoding=\"async\" width=\"88\" height=\"6\" src=\"https:\/\/www.enerkom-plzensko.cz\/wp-content\/uploads\/2025\/08\/gfx_nadpis-3.png\" class=\"attachment-large size-large wp-image-297\" alt=\"\" \/>\t\t\t\t\t\t\t\t\t\t\t\t\t\t\t<\/div>\n\t\t\t\t<\/div>\n\t\t\t\t<\/div>\n\t\t<div class=\"elementor-element elementor-element-6ab9c94 e-con-full e-flex e-con e-child\" data-id=\"6ab9c94\" data-element_type=\"container\" data-e-type=\"container\">\n\t\t<div class=\"elementor-element elementor-element-7c2d068 e-con-full e-flex e-con e-child\" data-id=\"7c2d068\" data-element_type=\"container\" data-e-type=\"container\">\n\t\t\t\t<div class=\"elementor-element elementor-element-b2abb34 elementor-widget elementor-widget-text-editor\" data-id=\"b2abb34\" data-element_type=\"widget\" data-e-type=\"widget\" data-widget_type=\"text-editor.default\">\n\t\t\t\t<div class=\"elementor-widget-container\">\n\t\t\t\t\t\t\t\t\t<p>Tvo\u0159\u00edme M\u00edstn\u00ed energetick\u00e9 koncepce pro obce v na\u0161em \u00fazem\u00ed, aby z\u00edskaly jasn\u00fd p\u0159ehled o stavu sv\u00fdch budov a mo\u017enostech \u00faspor. Spole\u010dn\u011b s nimi ur\u010d\u00edme konkr\u00e9tn\u00ed kroky k efektivn\u011bj\u0161\u00edmu vyu\u017e\u00edv\u00e1n\u00ed energie, v\u010detn\u011b n\u00e1vrh\u016f, jak energii vyr\u00e1b\u011bt a sd\u00edlet v r\u00e1mci komunit.<\/p><p>C\u00edlem je, aby pen\u00edze, kter\u00e9 dnes odch\u00e1zej\u00ed mimo obec na platby za energie, z\u016fst\u00e1valy v m\u00edst\u011b a pracovaly pro rozvoj obce. D\u00edky chytr\u00e9mu hospoda\u0159en\u00ed se energie a financemi se \u00faspory vrac\u00ed zp\u011bt do \u017eivota obce \u2013 do slu\u017eeb, projekt\u016f a aktivit, kter\u00e9 p\u0159\u00edmo zlep\u0161uj\u00ed kvalitu \u017eivota jej\u00edch obyvatel.<\/p>\t\t\t\t\t\t\t\t<\/div>\n\t\t\t\t<\/div>\n\t\t\t\t<\/div>\n\t\t<div class=\"elementor-element elementor-element-7e3dd98 e-con-full e-flex e-con e-child\" data-id=\"7e3dd98\" data-element_type=\"container\" data-e-type=\"container\">\n\t\t\t\t<div class=\"elementor-element elementor-element-13a8045 elementor-testimonial--skin-bubble elementor-testimonial--align-left elementor-testimonial--layout-image_right elementor-arrows-yes elementor-pagination-type-bullets elementor-widget elementor-widget-testimonial-carousel\" data-id=\"13a8045\" data-element_type=\"widget\" data-e-type=\"widget\" id=\"bez-koso\" data-settings=\"{&quot;slides_per_view&quot;:&quot;2&quot;,&quot;show_arrows&quot;:&quot;yes&quot;,&quot;pagination&quot;:&quot;bullets&quot;,&quot;speed&quot;:500,&quot;autoplay&quot;:&quot;yes&quot;,&quot;autoplay_speed&quot;:5000,&quot;loop&quot;:&quot;yes&quot;,&quot;pause_on_hover&quot;:&quot;yes&quot;,&quot;pause_on_interaction&quot;:&quot;yes&quot;,&quot;space_between&quot;:{&quot;unit&quot;:&quot;px&quot;,&quot;size&quot;:10,&quot;sizes&quot;:[]},&quot;space_between_tablet&quot;:{&quot;unit&quot;:&quot;px&quot;,&quot;size&quot;:10,&quot;sizes&quot;:[]},&quot;space_between_mobile&quot;:{&quot;unit&quot;:&quot;px&quot;,&quot;size&quot;:10,&quot;sizes&quot;:[]}}\" data-widget_type=\"testimonial-carousel.default\">\n\t\t\t\t<div class=\"elementor-widget-container\">\n\t\t\t\t\t\t\t\t\t<div class=\"elementor-swiper\">\n\t\t\t\t\t<div class=\"elementor-main-swiper swiper\" role=\"region\" aria-roledescription=\"carousel\" aria-label=\"Slides\">\n\t\t\t\t<div class=\"swiper-wrapper\">\n\t\t\t\t\t\t\t\t\t\t\t<div class=\"swiper-slide\" role=\"group\" aria-roledescription=\"slide\">\n\t\t\t\t\t\t\t\t\t<div class=\"elementor-testimonial\">\n\t\t\t\t\t\t\t<div class=\"elementor-testimonial__content\">\n\t\t\t\t\t<div class=\"elementor-testimonial__text\">\n\t\t\t\t\t\tSpole\u010dnost ENERKOM Plze\u0148sko zpracovala pro na\u0161i obec M\u00edstn\u00ed energetickou koncepci ve vysok\u00e9 kvalit\u011b a s v\u00fdsledky, kter\u00e9 p\u0159ed\u010dily na\u0161e o\u010dek\u00e1v\u00e1n\u00ed.\n\nOce\u0148ujeme vynikaj\u00edc\u00ed komunikaci, p\u0159ehledn\u00e9 vysv\u011btlen\u00ed z\u00e1v\u011br\u016f a profesion\u00e1ln\u00ed p\u0159\u00edstup. Sou\u010d\u00e1st\u00ed bylo tak\u00e9 m\u011b\u0159en\u00ed budov termokamerou, co\u017e pomohlo zp\u0159esnit podklady a n\u00e1sledn\u011b i vytvo\u0159it nov\u00e9 pr\u016fkazy energetick\u00e9 n\u00e1ro\u010dnosti budov (PENB). D\u00edky t\u00e9to koncepci jsme z\u00edskali kompletn\u00ed p\u0159ehled o majetku obce a mo\u017enost budouc\u00edho rozvoje v\u010detn\u011b n\u00e1vrhu na komunitn\u00ed sd\u00edlen\u00ed energie.\n\nENERKOM Plze\u0148sko doporu\u010dujeme jako spolehliv\u00e9ho partnera pro obce.\n\n\n\t\t\t\t\t<\/div>\n\t\t\t\t\t\t\t\t\t<\/div>\n\t\t\t\t\t\t<div class=\"elementor-testimonial__footer\">\n\t\t\t\t\t\t\t\t\t<div class=\"elementor-testimonial__image\">\n\t\t\t\t\t\t<img decoding=\"async\" src=\"https:\/\/www.enerkom-plzensko.cz\/wp-content\/uploads\/2025\/08\/lofo-kvicovice-hodnoceni-1.jpg\" alt=\"Ing. Jan Bostl\">\n\t\t\t\t\t\t\t\t\t\t\t<\/div>\n\t\t\t\t\t\t\t\t<cite class=\"elementor-testimonial__cite\"><span class=\"elementor-testimonial__name\">Ing. Jan Bostl<\/span><span class=\"elementor-testimonial__title\">Starosta obce Kv\u00ed\u010dovice<\/span><\/cite>\t\t\t<\/div>\n\t\t<\/div>\n\t\t\t\t\t\t\t\t<\/div>\n\t\t\t\t\t\t\t\t\t<\/div>\n\t\t\t\t\t\t\t<\/div>\n\t\t\t\t<\/div>\n\t\t\t\t\t\t\t\t<\/div>\n\t\t\t\t<\/div>\n\t\t\t\t<\/div>\n\t\t\t\t<\/div>\n\t\t\t\t<\/div>\n\t\t\t\t\t<\/div>\n\t\t\t\t<\/div>\n\t\t\t\t<\/div>\n\t\t","protected":false},"excerpt":{"rendered":"<p>Energetick\u00e9 koncepce Tvo\u0159\u00edme M\u00edstn\u00ed energetick\u00e9 koncepce pro obce v na\u0161em \u00fazem\u00ed, aby z\u00edskaly jasn\u00fd p\u0159ehled o stavu sv\u00fdch budov a mo\u017enostech \u00faspor. Spole\u010dn\u011b s nimi ur\u010d\u00edme konkr\u00e9tn\u00ed kroky k efektivn\u011bj\u0161\u00edmu vyu\u017e\u00edv\u00e1n\u00ed energie, v\u010detn\u011b n\u00e1vrh\u016f, jak energii vyr\u00e1b\u011bt a sd\u00edlet v r\u00e1mci komunit. C\u00edlem je, aby pen\u00edze, kter\u00e9 dnes odch\u00e1zej\u00ed mimo obec na platby za energie, [&hellip;]<\/p>\n","protected":false},"author":1,"featured_media":0,"parent":0,"menu_order":0,"comment_status":"closed","ping_status":"closed","template":"elementor_header_footer","meta":{"inline_featured_image":false,"footnotes":""},"class_list":["post-277","page","type-page","status-publish","hentry"],"_links":{"self":[{"href":"https:\/\/www.enerkom-plzensko.cz\/index.php\/wp-json\/wp\/v2\/pages\/277","targetHints":{"allow":["GET"]}}],"collection":[{"href":"https:\/\/www.enerkom-plzensko.cz\/index.php\/wp-json\/wp\/v2\/pages"}],"about":[{"href":"https:\/\/www.enerkom-plzensko.cz\/index.php\/wp-json\/wp\/v2\/types\/page"}],"author":[{"embeddable":true,"href":"https:\/\/www.enerkom-plzensko.cz\/index.php\/wp-json\/wp\/v2\/users\/1"}],"replies":[{"embeddable":true,"href":"https:\/\/www.enerkom-plzensko.cz\/index.php\/wp-json\/wp\/v2\/comments?post=277"}],"version-history":[{"count":37,"href":"https:\/\/www.enerkom-plzensko.cz\/index.php\/wp-json\/wp\/v2\/pages\/277\/revisions"}],"predecessor-version":[{"id":1567,"href":"https:\/\/www.enerkom-plzensko.cz\/index.php\/wp-json\/wp\/v2\/pages\/277\/revisions\/1567"}],"wp:attachment":[{"href":"https:\/\/www.enerkom-plzensko.cz\/index.php\/wp-json\/wp\/v2\/media?parent=277"}],"curies":[{"name":"wp","href":"https:\/\/api.w.org\/{rel}","templated":true}]}}

Energetické koncepce

<div data-elementor-type="wp-page" data-elementor-id="277" class="elementor elementor-277" data-elementor-settings="{&quot;element_pack_global_tooltip_width&quot;:{&quot;unit&quot;:&quot;px&quot;,&quot;size&quot;:&quot;&quot;,&quot;sizes&quot;:[]},&quot;element_pack_global_tooltip_width_tablet&quot;:{&quot;unit&quot;:&quot;px&quot;,&quot;size&quot;:&quot;&quot;,&quot;sizes&quot;:[]},&quot;element_pack_global_tooltip_width_mobile&quot;:{&quot;unit&quot;:&quot;px&quot;,&quot;size&quot;:&quot;&quot;,&quot;sizes&quot;:[]},&quot;element_pack_global_tooltip_padding&quot;:{&quot;unit&quot;:&quot;px&quot;,&quot;top&quot;:&quot;&quot;,&quot;right&quot;:&quot;&quot;,&quot;bottom&quot;:&quot;&quot;,&quot;left&quot;:&quot;&quot;,&quot;isLinked&quot;:true},&quot;element_pack_global_tooltip_padding_tablet&quot;:{&quot;unit&quot;:&quot;px&quot;,&quot;top&quot;:&quot;&quot;,&quot;right&quot;:&quot;&quot;,&quot;bottom&quot;:&quot;&quot;,&quot;left&quot;:&quot;&quot;,&quot;isLinked&quot;:true},&quot;element_pack_global_tooltip_padding_mobile&quot;:{&quot;unit&quot;:&quot;px&quot;,&quot;top&quot;:&quot;&quot;,&quot;right&quot;:&quot;&quot;,&quot;bottom&quot;:&quot;&quot;,&quot;left&quot;:&quot;&quot;,&quot;isLinked&quot;:true},&quot;element_pack_global_tooltip_border_radius&quot;:{&quot;unit&quot;:&quot;px&quot;,&quot;top&quot;:&quot;&quot;,&quot;right&quot;:&quot;&quot;,&quot;bottom&quot;:&quot;&quot;,&quot;left&quot;:&quot;&quot;,&quot;isLinked&quot;:true},&quot;element_pack_global_tooltip_border_radius_tablet&quot;:{&quot;unit&quot;:&quot;px&quot;,&quot;top&quot;:&quot;&quot;,&quot;right&quot;:&quot;&quot;,&quot;bottom&quot;:&quot;&quot;,&quot;left&quot;:&quot;&quot;,&quot;isLinked&quot;:true},&quot;element_pack_global_tooltip_border_radius_mobile&quot;:{&quot;unit&quot;:&quot;px&quot;,&quot;top&quot;:&quot;&quot;,&quot;right&quot;:&quot;&quot;,&quot;bottom&quot;:&quot;&quot;,&quot;left&quot;:&quot;&quot;,&quot;isLinked&quot;:true}}" data-elementor-post-type="page">
				<div class="elementor-element elementor-element-da18083 e-flex e-con-boxed e-con e-parent" data-id="da18083" data-element_type="container" data-e-type="container">
					<div class="e-con-inner">
		<div class="elementor-element elementor-element-8cd5db8 e-con-full e-flex e-con e-child" data-id="8cd5db8" data-element_type="container" data-e-type="container">
		<div class="elementor-element elementor-element-9fed0f9 e-con-full e-flex e-con e-child" data-id="9fed0f9" data-element_type="container" data-e-type="container">
				<div class="elementor-element elementor-element-5568d88 elementor-widget elementor-widget-heading" data-id="5568d88" data-element_type="widget" data-e-type="widget" data-widget_type="heading.default">
				<div class="elementor-widget-container">
					<h1 class="elementor-heading-title elementor-size-default">Energetické koncepce</h1>				</div>
				</div>
				<div class="elementor-element elementor-element-c8bdcdd elementor-widget elementor-widget-image" data-id="c8bdcdd" data-element_type="widget" data-e-type="widget" data-widget_type="image.default">
				<div class="elementor-widget-container">
															<img decoding="async" width="88" height="6" src="https://www.enerkom-plzensko.cz/wp-content/uploads/2025/08/gfx_nadpis-3.png" class="attachment-large size-large wp-image-297" alt="" />															</div>
				</div>
				</div>
		<div class="elementor-element elementor-element-6ab9c94 e-con-full e-flex e-con e-child" data-id="6ab9c94" data-element_type="container" data-e-type="container">
		<div class="elementor-element elementor-element-7c2d068 e-con-full e-flex e-con e-child" data-id="7c2d068" data-element_type="container" data-e-type="container">
				<div class="elementor-element elementor-element-b2abb34 elementor-widget elementor-widget-text-editor" data-id="b2abb34" data-element_type="widget" data-e-type="widget" data-widget_type="text-editor.default">
				<div class="elementor-widget-container">
									<p>Tvoříme Místní energetické koncepce pro obce v našem území, aby získaly jasný přehled o stavu svých budov a možnostech úspor. Společně s nimi určíme konkrétní kroky k efektivnějšímu využívání energie, včetně návrhů, jak energii vyrábět a sdílet v rámci komunit.</p><p>Cílem je, aby peníze, které dnes odcházejí mimo obec na platby za energie, zůstávaly v místě a pracovaly pro rozvoj obce. Díky chytrému hospodaření se energie a financemi se úspory vrací zpět do života obce – do služeb, projektů a aktivit, které přímo zlepšují kvalitu života jejích obyvatel.</p>								</div>
				</div>
				</div>
		<div class="elementor-element elementor-element-7e3dd98 e-con-full e-flex e-con e-child" data-id="7e3dd98" data-element_type="container" data-e-type="container">
				<div class="elementor-element elementor-element-13a8045 elementor-testimonial--skin-bubble elementor-testimonial--align-left elementor-testimonial--layout-image_right elementor-arrows-yes elementor-pagination-type-bullets elementor-widget elementor-widget-testimonial-carousel" data-id="13a8045" data-element_type="widget" data-e-type="widget" id="bez-koso" data-settings="{&quot;slides_per_view&quot;:&quot;2&quot;,&quot;show_arrows&quot;:&quot;yes&quot;,&quot;pagination&quot;:&quot;bullets&quot;,&quot;speed&quot;:500,&quot;autoplay&quot;:&quot;yes&quot;,&quot;autoplay_speed&quot;:5000,&quot;loop&quot;:&quot;yes&quot;,&quot;pause_on_hover&quot;:&quot;yes&quot;,&quot;pause_on_interaction&quot;:&quot;yes&quot;,&quot;space_between&quot;:{&quot;unit&quot;:&quot;px&quot;,&quot;size&quot;:10,&quot;sizes&quot;:[]},&quot;space_between_tablet&quot;:{&quot;unit&quot;:&quot;px&quot;,&quot;size&quot;:10,&quot;sizes&quot;:[]},&quot;space_between_mobile&quot;:{&quot;unit&quot;:&quot;px&quot;,&quot;size&quot;:10,&quot;sizes&quot;:[]}}" data-widget_type="testimonial-carousel.default">
				<div class="elementor-widget-container">
									<div class="elementor-swiper">
					<div class="elementor-main-swiper swiper" role="region" aria-roledescription="carousel" aria-label="Slides">
				<div class="swiper-wrapper">
											<div class="swiper-slide" role="group" aria-roledescription="slide">
									<div class="elementor-testimonial">
							<div class="elementor-testimonial__content">
					<div class="elementor-testimonial__text">
						Společnost ENERKOM Plzeňsko zpracovala pro naši obec Místní energetickou koncepci ve vysoké kvalitě a s výsledky, které předčily naše očekávání.

Oceňujeme vynikající komunikaci, přehledné vysvětlení závěrů a profesionální přístup. Součástí bylo také měření budov termokamerou, což pomohlo zpřesnit podklady a následně i vytvořit nové průkazy energetické náročnosti budov (PENB). Díky této koncepci jsme získali kompletní přehled o majetku obce a možnost budoucího rozvoje včetně návrhu na komunitní sdílení energie.

ENERKOM Plzeňsko doporučujeme jako spolehlivého partnera pro obce.


					</div>
									</div>
						<div class="elementor-testimonial__footer">
									<div class="elementor-testimonial__image">
						<img decoding="async" src="https://www.enerkom-plzensko.cz/wp-content/uploads/2025/08/lofo-kvicovice-hodnoceni-1.jpg" alt="Ing. Jan Bostl">
											</div>
								<cite class="elementor-testimonial__cite"><span class="elementor-testimonial__name">Ing. Jan Bostl</span><span class="elementor-testimonial__title">Starosta obce Kvíčovice</span></cite>			</div>
		</div>
								</div>
									</div>
							</div>
				</div>
								</div>
				</div>
				</div>
				</div>
				</div>
					</div>
				</div>
				</div>

<p>Energetické koncepce Tvoříme Místní energetické koncepce pro obce v našem území, aby získaly jasný přehled o stavu svých budov a možnostech úspor. Společně s nimi určíme konkrétní kroky k efektivnějšímu využívání energie, včetně návrhů, jak energii vyrábět a sdílet v rámci komunit. Cílem je, aby peníze, které dnes odcházejí mimo obec na platby za energie, [&hellip;]</p>
