{"id":826,"date":"2025-08-11T14:11:56","date_gmt":"2025-08-11T12:11:56","guid":{"rendered":"https:\/\/www.enerkom-plzensko.cz\/?page_id=826"},"modified":"2026-03-16T10:46:12","modified_gmt":"2026-03-16T09:46:12","slug":"renovacni-pasy","status":"publish","type":"page","link":"https:\/\/www.enerkom-plzensko.cz\/index.php\/renovacni-pasy\/","title":{"rendered":"Renova\u010dn\u00ed pasy"},"content":{"rendered":"\t\t<div data-elementor-type=\"wp-page\" data-elementor-id=\"826\" class=\"elementor elementor-826\" data-elementor-settings=\"{&quot;element_pack_global_tooltip_width&quot;:{&quot;unit&quot;:&quot;px&quot;,&quot;size&quot;:&quot;&quot;,&quot;sizes&quot;:[]},&quot;element_pack_global_tooltip_width_tablet&quot;:{&quot;unit&quot;:&quot;px&quot;,&quot;size&quot;:&quot;&quot;,&quot;sizes&quot;:[]},&quot;element_pack_global_tooltip_width_mobile&quot;:{&quot;unit&quot;:&quot;px&quot;,&quot;size&quot;:&quot;&quot;,&quot;sizes&quot;:[]},&quot;element_pack_global_tooltip_padding&quot;:{&quot;unit&quot;:&quot;px&quot;,&quot;top&quot;:&quot;&quot;,&quot;right&quot;:&quot;&quot;,&quot;bottom&quot;:&quot;&quot;,&quot;left&quot;:&quot;&quot;,&quot;isLinked&quot;:true},&quot;element_pack_global_tooltip_padding_tablet&quot;:{&quot;unit&quot;:&quot;px&quot;,&quot;top&quot;:&quot;&quot;,&quot;right&quot;:&quot;&quot;,&quot;bottom&quot;:&quot;&quot;,&quot;left&quot;:&quot;&quot;,&quot;isLinked&quot;:true},&quot;element_pack_global_tooltip_padding_mobile&quot;:{&quot;unit&quot;:&quot;px&quot;,&quot;top&quot;:&quot;&quot;,&quot;right&quot;:&quot;&quot;,&quot;bottom&quot;:&quot;&quot;,&quot;left&quot;:&quot;&quot;,&quot;isLinked&quot;:true},&quot;element_pack_global_tooltip_border_radius&quot;:{&quot;unit&quot;:&quot;px&quot;,&quot;top&quot;:&quot;&quot;,&quot;right&quot;:&quot;&quot;,&quot;bottom&quot;:&quot;&quot;,&quot;left&quot;:&quot;&quot;,&quot;isLinked&quot;:true},&quot;element_pack_global_tooltip_border_radius_tablet&quot;:{&quot;unit&quot;:&quot;px&quot;,&quot;top&quot;:&quot;&quot;,&quot;right&quot;:&quot;&quot;,&quot;bottom&quot;:&quot;&quot;,&quot;left&quot;:&quot;&quot;,&quot;isLinked&quot;:true},&quot;element_pack_global_tooltip_border_radius_mobile&quot;:{&quot;unit&quot;:&quot;px&quot;,&quot;top&quot;:&quot;&quot;,&quot;right&quot;:&quot;&quot;,&quot;bottom&quot;:&quot;&quot;,&quot;left&quot;:&quot;&quot;,&quot;isLinked&quot;:true}}\" data-elementor-post-type=\"page\">\n\t\t\t\t<div class=\"elementor-element elementor-element-c519da0 e-flex e-con-boxed e-con e-parent\" data-id=\"c519da0\" data-element_type=\"container\" data-e-type=\"container\">\n\t\t\t\t\t<div class=\"e-con-inner\">\n\t\t<div class=\"elementor-element elementor-element-96b11aa e-con-full e-flex e-con e-child\" data-id=\"96b11aa\" data-element_type=\"container\" data-e-type=\"container\">\n\t\t<div class=\"elementor-element elementor-element-f432278 e-con-full e-flex e-con e-child\" data-id=\"f432278\" data-element_type=\"container\" data-e-type=\"container\">\n\t\t\t\t<div class=\"elementor-element elementor-element-abce095 elementor-widget elementor-widget-heading\" data-id=\"abce095\" data-element_type=\"widget\" data-e-type=\"widget\" data-widget_type=\"heading.default\">\n\t\t\t\t<div class=\"elementor-widget-container\">\n\t\t\t\t\t<h1 class=\"elementor-heading-title elementor-size-default\">Renova\u010dn\u00ed pas<\/h1>\t\t\t\t<\/div>\n\t\t\t\t<\/div>\n\t\t\t\t<div class=\"elementor-element elementor-element-033b5ca elementor-widget elementor-widget-image\" data-id=\"033b5ca\" data-element_type=\"widget\" data-e-type=\"widget\" data-widget_type=\"image.default\">\n\t\t\t\t<div class=\"elementor-widget-container\">\n\t\t\t\t\t\t\t\t\t\t\t\t\t\t\t<img decoding=\"async\" width=\"88\" height=\"6\" src=\"https:\/\/www.enerkom-plzensko.cz\/wp-content\/uploads\/2025\/08\/gfx_nadpis-3.png\" class=\"attachment-large size-large wp-image-297\" alt=\"\" \/>\t\t\t\t\t\t\t\t\t\t\t\t\t\t\t<\/div>\n\t\t\t\t<\/div>\n\t\t\t\t<\/div>\n\t\t<div class=\"elementor-element elementor-element-40222a2 e-con-full e-flex e-con e-child\" data-id=\"40222a2\" data-element_type=\"container\" data-e-type=\"container\">\n\t\t<div class=\"elementor-element elementor-element-1651d74 e-con-full e-flex e-con e-child\" data-id=\"1651d74\" data-element_type=\"container\" data-e-type=\"container\">\n\t\t\t\t<div class=\"elementor-element elementor-element-2b17299 elementor-widget elementor-widget-text-editor\" data-id=\"2b17299\" data-element_type=\"widget\" data-e-type=\"widget\" data-widget_type=\"text-editor.default\">\n\t\t\t\t<div class=\"elementor-widget-container\">\n\t\t\t\t\t\t\t\t\t<p>Renova\u010dn\u00ed pas (n\u011bkdy ozna\u010dovan\u00fd tak\u00e9 jako\u00a0<strong>pas pro renovaci budovy<\/strong>) je nov\u00fd n\u00e1stroj, kter\u00fd pom\u00e1h\u00e1 majitel\u016fm dom\u016f pl\u00e1novat energeticky \u00fasporn\u00e9 rekonstrukce.<\/p><p>Nejde jen o jednor\u00e1zov\u00e9 hodnocen\u00ed stavu budovy, ale o\u00a0<strong>dlouhodob\u00fd strategick\u00fd pl\u00e1n renovace domu<\/strong>, kter\u00fd ukazuje, jak postupn\u011b prov\u00e1d\u011bt jednotliv\u00e1 opat\u0159en\u00ed tak, aby na sebe navazovala a d\u00e1vala ekonomick\u00fd i technick\u00fd smysl.<\/p><p>Renova\u010dn\u00ed pas nap\u0159\u00edklad pom\u016f\u017ee odpov\u011bd\u011bt na ot\u00e1zky:<\/p><ul><li>v jak\u00e9m <strong>po\u0159ad\u00ed prov\u00e1d\u011bt jednotliv\u00e9 \u00fapravy<\/strong>\u00a0(nap\u0159. zateplen\u00ed, v\u00fdm\u011bnu zdroje tepla nebo instalaci fotovoltaiky)<\/li><li>jak\u00e1 opat\u0159en\u00ed p\u0159inesou <strong>nejv\u011bt\u0161\u00ed \u00faspory energie<\/strong><\/li><li>kolik mohou jednotliv\u00e9 kroky <strong>p\u0159ibli\u017en\u011b st\u00e1t a jak\u00e9 \u00faspory mohou p\u0159in\u00e9st<\/strong><\/li><li>jak postupovat p\u0159i renovaci domu tak, aby nedoch\u00e1zelo k <strong>zbyte\u010dn\u00fdm n\u00e1klad\u016fm nebo chyb\u00e1m<br \/><br \/><\/strong><\/li><\/ul><p>D\u00edky tomu mohou majitel\u00e9 dom\u016f\u00a0<strong>l\u00e9pe pl\u00e1novat investice do renovace a energetick\u00fdch \u00faspor<\/strong>.<\/p>\t\t\t\t\t\t\t\t<\/div>\n\t\t\t\t<\/div>\n\t\t\t\t<\/div>\n\t\t\t\t<\/div>\n\t\t<div class=\"elementor-element elementor-element-b050bf3 e-con-full e-flex e-con e-child\" data-id=\"b050bf3\" data-element_type=\"container\" data-e-type=\"container\">\n\t\t<div class=\"elementor-element elementor-element-26e5494 e-con-full e-flex e-con e-child\" data-id=\"26e5494\" data-element_type=\"container\" data-e-type=\"container\">\n\t\t\t\t<div class=\"elementor-element elementor-element-0ea6533 elementor-widget elementor-widget-heading\" data-id=\"0ea6533\" data-element_type=\"widget\" data-e-type=\"widget\" data-widget_type=\"heading.default\">\n\t\t\t\t<div class=\"elementor-widget-container\">\n\t\t\t\t\t<h2 class=\"elementor-heading-title elementor-size-default\">K \u010demu bude renova\u010dn\u00ed pas slou\u017eit<\/h2>\t\t\t\t<\/div>\n\t\t\t\t<\/div>\n\t\t\t\t<div class=\"elementor-element elementor-element-7833771 elementor-widget elementor-widget-text-editor\" data-id=\"7833771\" data-element_type=\"widget\" data-e-type=\"widget\" data-widget_type=\"text-editor.default\">\n\t\t\t\t<div class=\"elementor-widget-container\">\n\t\t\t\t\t\t\t\t\t<p>Od roku 2026 se o\u010dek\u00e1v\u00e1, \u017ee renova\u010dn\u00ed pas bude hr\u00e1t d\u016fle\u017eitou roli p\u0159i pl\u00e1nov\u00e1n\u00ed renovac\u00ed budov a \u010derp\u00e1n\u00ed n\u011bkter\u00fdch dota\u010dn\u00edch program\u016f.<\/p><p>M\u016f\u017ee slou\u017eit nap\u0159\u00edklad jako:<\/p><ul><li>podklad pro <strong>postupnou renovaci domu<\/strong><\/li><li>podklad pro <strong>\u010derp\u00e1n\u00ed dota\u010dn\u00edch program\u016f zam\u011b\u0159en\u00fdch na energetick\u00e9 \u00faspory<\/strong><\/li><li>n\u00e1stroj pro <strong>dlouhodob\u00e9 pl\u00e1nov\u00e1n\u00ed investic do budovy<\/strong><\/li><\/ul>\t\t\t\t\t\t\t\t<\/div>\n\t\t\t\t<\/div>\n\t\t\t\t<\/div>\n\t\t\t\t<\/div>\n\t\t<div class=\"elementor-element elementor-element-9f4f0f7 e-con-full e-flex e-con e-child\" data-id=\"9f4f0f7\" data-element_type=\"container\" data-e-type=\"container\">\n\t\t<div class=\"elementor-element elementor-element-346669e e-con-full e-flex e-con e-child\" data-id=\"346669e\" data-element_type=\"container\" data-e-type=\"container\">\n\t\t\t\t<div class=\"elementor-element elementor-element-e1f7989 elementor-widget elementor-widget-heading\" data-id=\"e1f7989\" data-element_type=\"widget\" data-e-type=\"widget\" data-widget_type=\"heading.default\">\n\t\t\t\t<div class=\"elementor-widget-container\">\n\t\t\t\t\t<h2 class=\"elementor-heading-title elementor-size-default\">Zpracov\u00e1n\u00ed renova\u010dn\u00edho pasu<\/h2>\t\t\t\t<\/div>\n\t\t\t\t<\/div>\n\t\t\t\t<div class=\"elementor-element elementor-element-4870234 elementor-widget elementor-widget-text-editor\" data-id=\"4870234\" data-element_type=\"widget\" data-e-type=\"widget\" data-widget_type=\"text-editor.default\">\n\t\t\t\t<div class=\"elementor-widget-container\">\n\t\t\t\t\t\t\t\t\t<p>Renova\u010dn\u00ed pas m\u016f\u017ee zpracovat pouze\u00a0<strong>kvalifikovan\u00fd odborn\u00edk<\/strong>, nap\u0159\u00edklad energetick\u00fd specialista nebo autorizovan\u00fd projektant.<\/p><p><b>I my<\/b>, v r\u00e1mci na\u0161ich slu\u017eeb budeme\u00a0<strong>zpracov\u00e1vat renova\u010dn\u00ed pasy\u00a0<\/strong>pro na\u0161e klienty.<\/p><p>Aktu\u00e1ln\u011b v\u0161ak \u010dek\u00e1me na\u00a0<strong>up\u0159esn\u011bn\u00ed metodiky a pokyn\u016f ze strany Ministerstva \u017eivotn\u00edho prost\u0159ed\u00ed<\/strong>, kter\u00e9 stanov\u00ed p\u0159esn\u00fd postup jejich zpracov\u00e1n\u00ed a\u00a0<strong>finan\u010dn\u00ed podporu formou voucheru<\/strong>, kter\u00e1 m\u00e1 majitel\u016fm dom\u016f pomoci pokr\u00fdt n\u00e1klady na zpracov\u00e1n\u00ed renova\u010dn\u00edho pasu.<\/p><p>Jakmile budou k dispozici nov\u00e9 informace, budeme je na t\u00e9to str\u00e1nce\u00a0<strong>pr\u016fb\u011b\u017en\u011b aktualizovat<\/strong>. R\u00e1di v\u00e1m tak\u00e9 poskytneme bli\u017e\u0161\u00ed informace a pom\u016f\u017eeme s p\u0159\u00edpravou.<\/p>\t\t\t\t\t\t\t\t<\/div>\n\t\t\t\t<\/div>\n\t\t\t\t<\/div>\n\t\t\t\t<\/div>\n\t\t<div class=\"elementor-element elementor-element-ebadd0d e-con-full e-flex e-con e-child\" data-id=\"ebadd0d\" data-element_type=\"container\" data-e-type=\"container\">\n\t\t<div class=\"elementor-element elementor-element-7b22ca8 e-con-full e-flex e-con e-child\" data-id=\"7b22ca8\" data-element_type=\"container\" data-e-type=\"container\">\n\t\t\t\t<div class=\"elementor-element elementor-element-1144f0e elementor-widget elementor-widget-heading\" data-id=\"1144f0e\" data-element_type=\"widget\" data-e-type=\"widget\" data-widget_type=\"heading.default\">\n\t\t\t\t<div class=\"elementor-widget-container\">\n\t\t\t\t\t<h2 class=\"elementor-heading-title elementor-size-default\">M\u00e1te z\u00e1jem o v\u00edce informac\u00ed?<\/h2>\t\t\t\t<\/div>\n\t\t\t\t<\/div>\n\t\t\t\t<div class=\"elementor-element elementor-element-922739f elementor-widget elementor-widget-text-editor\" data-id=\"922739f\" data-element_type=\"widget\" data-e-type=\"widget\" data-widget_type=\"text-editor.default\">\n\t\t\t\t<div class=\"elementor-widget-container\">\n\t\t\t\t\t\t\t\t\t<p>Pokud v\u00e1s renova\u010dn\u00ed pas zaj\u00edm\u00e1 nebo pl\u00e1nujete rekonstrukci domu, nev\u00e1hejte se na n\u00e1s obr\u00e1tit.<\/p><p>R\u00e1di v\u00e1m vysv\u011btl\u00edme, jak m\u016f\u017ee<b>\u00a0renova\u010dn\u00ed pas pomoci p\u0159i pl\u00e1nov\u00e1n\u00ed \u00faspor energie, renovace va\u0161eho domu\u00a0a zpracujeme jej pro V\u00e1s.<\/b><\/p><p>Kontaktujte n\u00e1s na e-mailu: <a href=\"mailto:poradce@enerkom-plzensko.cz\">poradce@enerkom-plzensko.cz<\/a><\/p>\t\t\t\t\t\t\t\t<\/div>\n\t\t\t\t<\/div>\n\t\t\t\t<\/div>\n\t\t\t\t<\/div>\n\t\t\t\t<\/div>\n\t\t\t\t\t<\/div>\n\t\t\t\t<\/div>\n\t\t\t\t<\/div>\n\t\t","protected":false},"excerpt":{"rendered":"<p>Renova\u010dn\u00ed pas Renova\u010dn\u00ed pas (n\u011bkdy ozna\u010dovan\u00fd tak\u00e9 jako\u00a0pas pro renovaci budovy) je nov\u00fd n\u00e1stroj, kter\u00fd pom\u00e1h\u00e1 majitel\u016fm dom\u016f pl\u00e1novat energeticky \u00fasporn\u00e9 rekonstrukce. Nejde jen o jednor\u00e1zov\u00e9 hodnocen\u00ed stavu budovy, ale o\u00a0dlouhodob\u00fd strategick\u00fd pl\u00e1n renovace domu, kter\u00fd ukazuje, jak postupn\u011b prov\u00e1d\u011bt jednotliv\u00e1 opat\u0159en\u00ed tak, aby na sebe navazovala a d\u00e1vala ekonomick\u00fd i technick\u00fd smysl. Renova\u010dn\u00ed pas [&hellip;]<\/p>\n","protected":false},"author":1,"featured_media":0,"parent":0,"menu_order":0,"comment_status":"closed","ping_status":"closed","template":"elementor_header_footer","meta":{"inline_featured_image":false,"footnotes":""},"class_list":["post-826","page","type-page","status-publish","hentry"],"_links":{"self":[{"href":"https:\/\/www.enerkom-plzensko.cz\/index.php\/wp-json\/wp\/v2\/pages\/826","targetHints":{"allow":["GET"]}}],"collection":[{"href":"https:\/\/www.enerkom-plzensko.cz\/index.php\/wp-json\/wp\/v2\/pages"}],"about":[{"href":"https:\/\/www.enerkom-plzensko.cz\/index.php\/wp-json\/wp\/v2\/types\/page"}],"author":[{"embeddable":true,"href":"https:\/\/www.enerkom-plzensko.cz\/index.php\/wp-json\/wp\/v2\/users\/1"}],"replies":[{"embeddable":true,"href":"https:\/\/www.enerkom-plzensko.cz\/index.php\/wp-json\/wp\/v2\/comments?post=826"}],"version-history":[{"count":22,"href":"https:\/\/www.enerkom-plzensko.cz\/index.php\/wp-json\/wp\/v2\/pages\/826\/revisions"}],"predecessor-version":[{"id":2000,"href":"https:\/\/www.enerkom-plzensko.cz\/index.php\/wp-json\/wp\/v2\/pages\/826\/revisions\/2000"}],"wp:attachment":[{"href":"https:\/\/www.enerkom-plzensko.cz\/index.php\/wp-json\/wp\/v2\/media?parent=826"}],"curies":[{"name":"wp","href":"https:\/\/api.w.org\/{rel}","templated":true}]}}